c + j*x - 29, 4*c = 5*x + 15. Suppose c*s = 8 + 62. Is 7 a factor of s?
True
Suppose 5*o = 4*u + 177, 4*o + 5*u + 0*u = 117. Suppose 0 = 2*j + 3 - o. Is j a multiple of 5?
True
Let m(z) = 4*z**2 + 7*z. Is 23 a factor of m(-5)?
False
Does 4 divide (-4 - -3)*4*-1?
True
Suppose -8 - 12 = -5*b. Let m(v) be the second derivative of -v**5/20 + v**4/2 + v**3/3 - 2*v**2 + v. Does 14 divide m(b)?
False
Let n(k) = k**2 + 3*k - 1. Let o be n(-5). Let f = 51 - o. Is f a multiple of 21?
True
Suppose -121 = -5*r + 39. Suppose -4 = -g - 2*s - 2, -g + 4*s = -r. Suppose q - 9 = g. Is 21 a factor of q?
True
Does 2 divide 11/(330/444) + (-1)/(-5)?
False
Let u = -222 - -318. Is u a multiple of 32?
True
Let v(m) = 13*m - 5. Is v(5) a multiple of 30?
True
Suppose v + 3*v = 0. Suppose v = 3*d + d - 24. Does 6 divide d?
True
Let n be (2 + -1)*(-12)/(-1). Suppose n = 5*f - 113. Does 25 divide f?
True
Suppose -96*u + 100*u = 168. Is u a multiple of 27?
False
Suppose 5 = -b + 4*b + 2*m, 4*m + 1 = 5*b. Suppose 5 = 2*j + b. Does 11 divide ((-148)/6)/j*-3?
False
Let h = -15 - -25. Suppose -h = -0*q - q. Suppose c = -c + q. Does 5 divide c?
True
Let b(s) = -s + 5. Let z be b(-4). Let n be (6/z + -1)*0. Suppose n = -u + 2 + 8. Is 10 a factor of u?
True
Suppose 0 = 3*k - 3*y - 345, 3 - 112 = -k - 2*y. Does 19 divide k?
False
Suppose 0 = -3*t, -2*n + 0*n = 4*t. Suppose 2*s - 4*u = -6, 6 = 2*s - n*u - u. Suppose -8 = s*g - 48. Is g a multiple of 6?
False
Suppose 2*g = -5*m - 7, 1 = 3*g - 4*m - 0. Let k(j) = -j**3 + 9*j**2 - 9*j + 8. Let d be k(8). Does 11 divide g + (d - -1) - -11?
True
Let k be 15*(0 + (-3)/(-9)). Let y be (-2)/k + (-388)/(-20). Suppose l + z = y, 8*z - 39 = -l + 3*z. Is 7 a factor of l?
True
Let l = 29 - 8. Is l a multiple of 4?
False
Suppose -3*r + 64 = r. Let c = r - 2. Suppose x - c = -x. Is 4 a factor of x?
False
Let n = 16 - 0. Is n a multiple of 5?
False
Let h(v) = -2*v. Let u = -20 + 17. Is 6 a factor of h(u)?
True
Let o(z) = -z**3 + 6*z**2 + 5*z + 4. Let b(w) = 3*w**3 - 13*w**2 - 11*w - 9. Let y(u) = -4*b(u) - 9*o(u). Does 8 divide y(-2)?
False
Let y(r) = -r**2 + 26*r - 54. Does 6 divide y(23)?
False
Let z = -52 - -72. Is z a multiple of 3?
False
Let a = -7 + 1. Let q(r) = r**2 + 5*r + 5. Is q(a) a multiple of 8?
False
Suppose 7*w - 275 - 5 = 0. Is 4 a factor of w?
True
Suppose 33*h = 28*h + 175. Suppose 0 - 8 = -4*c. Suppose h = 3*f + 5*w, 4*f - 12 = 4*w - c*w. Does 5 divide f?
True
Let i(p) = 2*p - 7. Suppose -7*f = -2*f - 40. Is i(f) a multiple of 4?
False
Let b(s) = s**2 + 7*s + 9. Let r be b(-6). Suppose -r*k + 6 = -9. Suppose k*u = 2*c + 70, 0*u = -4*u - 3*c + 33. Is 8 a factor of u?
False
Let d(y) = -y + 3. Let o be d(-7). Suppose -4*f - 4*l = -140, -f - 5*l = -o*l - 29. Is f a multiple of 17?
True
Let r(q) = -3 - 2*q + q + 4*q + 5*q. Is 13 a factor of r(2)?
True
Let l be -2 - 0 - 10/(-1). Suppose a = -a - 2*k - l, 0 = -4*k - 20. Let x = a + 8. Is x a multiple of 5?
False
Let g = 8 + 2. Let q = 14 - g. Is q a multiple of 4?
True
Let x = 20 + -42. Let v = -12 - x. Is 5 a factor of v?
True
Let p(g) = g + 12. Is p(6) a multiple of 17?
False
Suppose a - 66 = -36. Is 4 a factor of a?
False
Let z(a) = -a**2 + 8*a + 7. Let b be z(8). Is 7/(b/2) - -2 a multiple of 2?
True
Let a = -51 + 31. Is 45*(2 + a/12) a multiple of 14?
False
Let m be (-8)/(-16) - (-9)/2. Suppose m*i - 1470 = -5*d, -2*i - 4*d = -i - 306. Suppose i = u + 4*u. Is u a multiple of 21?
False
Let l(y) = -y + 22. Let r(s) = -3*s + 67. Let o(u) = -11*l(u) + 4*r(u). Does 16 divide o(0)?
False
Let t = -4 + -12. Let u = 6 - t. Is u a multiple of 8?
False
Does 22 divide 16/3*297/18?
True
Let f(q) = 0*q - 41*q**3 - 19*q**3 + q + 23*q**3. Does 18 divide f(-1)?
True
Let s be (-1 - -3 - 0)*1. Does 7 divide s - (-34 + 1 + 0)?
True
Suppose -6 = 3*v + 3. Let r(d) = -7*d - 3. Is 13 a factor of r(v)?
False
Let x(q) = -5*q - 4. Let u = 1 - 2. Let k(s) = 5*s**3 + 1. Let w be k(u). Does 16 divide x(w)?
True
Let v = 391 + -251. Suppose 5*u - 20 - v = 0. Does 16 divide u?
True
Suppose z - 22 = 2. Let j = 21 - 11. Let v = z - j. Is 7 a factor of v?
True
Let x = 70 - 35. Let z = 15 + x. Is z a multiple of 18?
False
Suppose k + 0*r - 11 = -r, k - 12 = -2*r. Suppose 0 = -0*l + 5*l - k. Does 10 divide 28/2*4/l?
False
Suppose t = -5*x + 321, 0 = 5*x - t - 2*t - 317. Does 16 divide x?
True
Let n = -23 + 42. Is n even?
False
Let q(t) = 1. Let d(g) = 2*g - 10. Let v(z) = 2*d(z) + 18*q(z). Let w be v(3). Suppose 24 = 2*r - w. Is 15 a factor of r?
False
Let r be (1 - -25)*(-1 - 0). Let w = 6 + 2. Is 2/((w/r)/(-2)) a multiple of 13?
True
Let u be 1/3 - (-1970)/(-6). Let p = 192 + u. Is p/12*3/(-1) a multiple of 13?
False
Let w be (3 - 5/2)*0. Let c(z) = 7 + 2*z - z**3 + 0*z**3 + z**2 - z. Does 4 divide c(w)?
False
Suppose -4*i + 34 = -2*j, 7*j - 2*j + 2*i + 37 = 0. Let x(d) = -d**2 + 13*d - 6. Let v be x(12). Is 15 a factor of v/j - (-141)/9?
True
Let i = 7 + -2. Let m = -88 + 218. Suppose -4*l - l + m = -4*h, i*h = -3*l + 78. Is l a multiple of 12?
False
Let v(o) = -o + 11. Let c = 1 - 9. Is 19 a factor of v(c)?
True
Let f = 2 - 0. Suppose -2*d + 88 = f*d. Is 11 a factor of d?
True
Let c(v) be the first derivative of -v**4/4 - 5*v**3/3 - 2*v**2 - 7*v + 2. Is c(-5) a multiple of 9?
False
Let w be ((-12)/5)/((-3)/(-10)). Let s(u) = -13*u - 8. Let k be s(-6). Does 14 divide (w/5 + 2)*k?
True
Suppose s - 5*g - 8 = 2*s, -2*g - 12 = -4*s. Suppose -5*j = 4*x - x - 59, -4*x + s*j = -122. Is x a multiple of 27?
False
Suppose 0 = 3*f + 2*f - 20. Suppose -2*b = 6*x - x + 12, -2*x + f = 3*b. Is b a multiple of 3?
False
Let x(s) = 25*s + 2. Let g be x(4). Suppose 2*f - g = 4*d, 2*d = -2*f + 3*d + 108. Does 14 divide f?
False
Let p = -11 + 15. Let z = -4 + 25. Is 6 a factor of (z/4 - 1)*p?
False
Let z(t) = -2*t - 1. Let s be 9 - 6 - (12 - 0). Is z(s) a multiple of 8?
False
Let l(k) = k + 2. Let c be l(-8). Is 11 a factor of (-152)/(-6) + (-4)/c?
False
Suppose -2*k = -62 - 22. Suppose -k + 9 = n. Let r = 78 + n. Is r a multiple of 20?
False
Suppose 3*c + 2*d - 72 = 0, 3*d + 2*d - 24 = -c. Suppose 0 = -4*k - 2*s - s + 67, 3*s + c = 3*k. Is 13 a factor of k?
True
Let d(n) = -n + 1. Let b(l) = l**3 - 10*l**2 - 16*l - 9. Let q(v) = -b(v) + 6*d(v). Let s be q(11). Suppose 63 = s*i - 17. Is 8 a factor of i?
False
Suppose 4*c - 2*c - 5*a = 15, -24 = -5*c - a. Suppose 0 = c*f + 5*j - 95, 4*f - 2*j = -7*j + 81. Let k = 4 + f. Does 8 divide k?
False
Let d = 77 - -29. Is d a multiple of 24?
False
Suppose 3*c + 9 = 0, 0 = 3*v - 0*c + 2*c - 150. Let y = -28 + v. Does 14 divide y?
False
Let t(a) = 18*a**3 - a - 1. Is t(2) a multiple of 24?
False
Let g(f) = -f - 11 - f - f**3 + 8*f**2 + 6*f. Let b be (-2 - (-10)/1)*1. Does 10 divide g(b)?
False
Suppose -4*v + 4 + 12 = 0. Let l = v - -6. Does 4 divide l?
False
Suppose -4*d - 409 = -1273. Is d a multiple of 27?
True
Suppose -3 = -5*o + 7. Suppose -3*a + o*a + 12 = 0. Suppose -2*t + 3*t = -5*n - a, 4*n = 5*t - 85. Does 8 divide t?
False
Let j(y) = 4*y**2 - y + 2. Let v be j(2). Suppose v + 4 = -5*n. Let r = n - -17. Does 7 divide r?
False
Let u(j) = 3 - 4 - 2*j**2 - 5*j**3 + 4*j**2. Is u(-1) a multiple of 6?
True
Suppose -16 + 4 = 4*b. Let p(k) = 2*k**2 + 4*k - 1. Let t be p(b). Suppose 2*u - t*u = 4*y - 14, -22 = -4*u - 2*y. Is u a multiple of 5?
False
Let c = 4 + -1. Suppose -62 = -3*m - 2*f, -c*f + 18 = m - 5. Does 5 divide 192/m + 2/5?
True
Suppose l + 3*w = 12, l - w + 6 = 2*l. Suppose r + 2*r = -c + 54, -r = l*c - 18. Does 7 divide r?
False
Suppose -k + 4*g = -3 - 12, 4*k - g - 90 = 0. Let b = k - 16. Does 2 divide b?
False
Let l = 115 - 58. Is l a multiple of 21?
False
Suppose -355 = -c - 4*c. Suppose 3*d = -g + c, 0 = -2*d - 3*g + 50 - 5. Is d a multiple of 24?
True
Let w(h) = h**2 - 1. Let i be ((-33)/(-9) - 2)*3. Let n be w(i). Let o = n - 17. Is 7 a factor of o?
True
Let v = -7 - -16. Is v a multiple of 3?
True
Let p(i) = 29*i - 2. Let x be p(3). Suppose -2*f - x = -7*f. Is 17 a factor of f?
True
Suppose 7*n - 4*n = -3. Let j(h) = -110*h. Let s be j(n). Suppose 0*i + s = 5*i. Does 11 divide i?
True
Let c = -25 + 10. Does 20 divide 1/3 + (-895)/c?
True
Suppose -21*p + 16*p = -1625. Does 12 divide p?
False
Let u = -6 - -17. Is 5 a factor of u?
False
Is 17 a factor of 158/(-6)*3/(-1)?
Fa